7*l + 293984 = -3*l. What are the prime factors of l?
9187
Let f be -50*(-27 - 1) - (-8 - -8). Suppose -22*j + 32*j - f = 0. What are the prime factors of j?
2, 5, 7
Let l(x) = x**3 + 7*x**2 + 10*x - 5. Let s be l(-7). Let g = s - -124. Suppose -g = -5*v + 186. List the prime factors of v.
47
Suppose 3*o - 11*o = 3*c - 22502, 14999 = 2*c + 5*o. What are the prime factors of c?
2, 3, 29, 43
Suppose 9*z - 456 = 33*z. Let r(w) = 3*w**2 - 18*w + 50. List the prime factors of r(z).
5, 59
Suppose -92*m + 338772 = -65*m + 13395. What are the prime factors of m?
3, 13, 103
Let s(g) = g**3 + 3*g**2 + 134*g + 56. What are the prime factors of s(16)?
2, 883
Let d(h) = 36*h + 42. Let w(z) = 18*z + 21. Let g(m) = 3*d(m) - 7*w(m). Suppose 36 = -0*o - 6*o. List the prime factors of g(o).
3, 29
Let h(j) = 529*j + 25. What are the prime factors of h(13)?
2, 7, 17, 29
What are the prime factors of (-1023)/(-9)*100 - (-84)/63?
2, 7, 29
Let l be (-10)/4*(-24)/12. Suppose 3*g - 5*t = -679 + 2934, 0 = l*t - 10. What are the prime factors of g?
5, 151
Let c = -168 - -168. Suppose 1630 = 4*j + 2*n, j = -c*n - 3*n + 420. What are the prime factors of j?
3, 5
Let j = 64995 + -11259. List the prime factors of j.
2, 3, 2239
Let r be (12/10)/(21/(-70)). What are the prime factors of (0 - (-4)/(-6))*1698/r?
283
Suppose -4*g + 2*l + 15346 = 0, 0 = -15*g - 12*l + 10*l + 57519. What are the prime factors of g?
5, 13, 59
Let x(t) = 53*t. Let k be x(2). Let d = 2358 + -2325. Let a = k - d. What are the prime factors of a?
73
Let f(r) = -r**3 + 16*r**2 - 34*r + 25. Let q(v) = v**3 - 27*v**2 - 2*v + 64. Let i be q(27). What are the prime factors of f(i)?
3, 5, 19
Suppose -2*w + 4*w + 2 = -2*i, 4*w - 4*i - 20 = 0. Suppose -2*y - 350 = -4*p, 3*p = 2*y + 260 + w. List the prime factors of p.
2, 11
Suppose -3*k = -0*k - 12, -4*a + 1256 = -4*k. Let c = a - 30. List the prime factors of c.
2, 3
Suppose -x + b = -7, -3*x + 5*b + 15 = -8*x. Suppose -x*o = 2*o - 276. List the prime factors of o.
3, 23
Let a(v) = v**2 - 4*v + 4. Let c be a(2). Suppose -8*z + 3883 + 3677 = c. List the prime factors of z.
3, 5, 7
Let d = 1347 - 736. Suppose 0 = -z + 1, -z - 2*z - d = -2*o. List the prime factors of o.
307
Let j(y) = 413*y + 37. Let b = 24 - 22. What are the prime factors of j(b)?
863
Suppose -4*l + 89 = 81. Suppose 3*p = l*z - 0*p + 3, z = 3*p - 3. Suppose 2*f - f - 130 = z. What are the prime factors of f?
2, 5, 13
Let y be ((-2)/(-2))/(5/15). Suppose 5*h + x - 13 = 0, -5*x = -y + 13. Suppose -h*w + 110 = 2*u, 4*w = 5*w - 2. List the prime factors of u.
2, 13
Let b = 72 - 65. Let l(g) = g**3 - 6*g**2 - 3*g + 16. Let t be l(b). Suppose u + 681 = 3*w, -4*w + 952 - t = 2*u. List the prime factors of w.
227
Let m = -86 + 114. Let c be (-10)/(-4) - 14/m. Suppose 3*x = c*x + 72. List the prime factors of x.
2, 3
Let q(y) = y**2 + 4*y - 9. Let p be q(-6). Let i be 116/(0 + (-2)/p). Let m = -121 - i. What are the prime factors of m?
53
Let v be (-9 - -9)/(-4*2/(-4)). Suppose c + 4*x - 399 = v, -1671 = -8*c + 4*c - x. List the prime factors of c.
419
Let t be (1 + -2)/((-6)/222) - 0. Suppose s + t = 42. What are the prime factors of (-80)/(-6) - s/15?
13
Let r(a) = -a**2 - 7*a + 312. Let n be r(0). Suppose -2*q = 5*c - n, 10*c = 7*c - 6. List the prime factors of q.
7, 23
Suppose 0 = 2*b - 53820 - 42458 - 48006. What are the prime factors of b?
2, 7, 5153
Suppose 3*t - 7 = 2. Let y be 26/6*9 + -13. Suppose -209 = -t*m - y. What are the prime factors of m?
61
List the prime factors of -20*(((-15)/(-45))/((-2)/(-24)) - 198).
2, 5, 97
Let t = 17 + 2. Suppose 0 = l + h + t, l + 22 = 5*h - 3*h. List the prime factors of (-572)/(-10) + 4/l.
3, 19
Let r(a) = a + 3. Let m be r(0). Let b be ((-12)/(-9))/(m/9). Suppose 0 = b*v - 18 - 322. List the prime factors of v.
5, 17
Let b be 39/21 + (-7)/(-49). Suppose o - b*c - 22 = 47, 10 = 5*c. List the prime factors of o.
73
Let c(x) = 116*x + 1107. What are the prime factors of c(17)?
3079
Suppose 2*x = 498 + 550. Let k = x + -27. Suppose -4*v + 83 = -k. List the prime factors of v.
5, 29
Let m = 2 - 5. Let y(z) = z**3 + 4*z**2 - 32*z - 125. Let d be y(-7). What are the prime factors of (d/20 - m)/((-3)/(-285))?
3, 19
Let x(l) = -4*l**3 - 11*l**2 - 4*l + 6. Suppose -22 = 67*a - 65*a + 4*s, -5*a = -s + 33. List the prime factors of x(a).
3, 17
Let w = -3 - -7. Suppose -p - w*r + 315 = 0, r = p + 2*r - 318. List the prime factors of p.
11, 29
Let x(r) be the first derivative of -r**3/3 - 15*r**2/2 + 10*r + 1. Let k be x(-7). What are the prime factors of k*(2 - (-4)/(-3))?
2, 11
Let g(i) = 18*i - 1 - 9 + 9*i**2 - 10*i**2 - 8. List the prime factors of g(10).
2, 31
Let q = 4045 - -3424. List the prime factors of q.
7, 11, 97
Let f(m) = 10*m**3 - 4*m**2 + 6*m - 2. Let n be 24*((-1)/3)/((-2)/3). Let z(t) = -t**2 + 12*t + 1. Let g be z(n). What are the prime factors of f(g)?
2, 5
Let v(h) = -3*h + 81. What are the prime factors of v(-21)?
2, 3
Let m(z) = -42*z + 252. Let y be m(6). Suppose -15*p = -14*p - 3*s - 1303, y = s + 5. List the prime factors of p.
2, 7, 23
Suppose -134*r + 766738 + 93532 = 125816. What are the prime factors of r?
3, 7, 29
Let r be 679 + 0 + (6 - 5). Let c = r - 74. What are the prime factors of c?
2, 3, 101
Let c(i) = i**2 - 17*i + 15. Let a = 2 - -11. Let q be c(a). Let u = 128 + q. List the prime factors of u.
7, 13
Suppose 0 = 30*z + 354*z - 20324736. What are the prime factors of z?
3, 5881
Let o(p) = -3*p. Let b(r) = -32*r**2 + 10*r. Let j(z) = -b(z) - 2*o(z). Suppose 8 = -2*l + 2*k, -3*k + 6*k = -3*l + 6. What are the prime factors of j(l)?
2, 3
Suppose w - 3*x = -6*x - 11, 0 = 5*x + 20. What are the prime factors of (-160)/(-50)*((-153)/(-2) + w)?
2, 31
Suppose -p - 166 = -177. Suppose -4*z + 1116 = 2*a, -p*a + 2*z + 2802 = -6*a. What are the prime factors of a?
2, 5, 7
Suppose 4*c = -62 + 158. Let u = 90 - 9. Let d = u - c. List the prime factors of d.
3, 19
Suppose 317*n = 266*n + 1673565. List the prime factors of n.
5, 6563
Let p(b) = -b - 2. Suppose -2 - 18 = 4*w. Let z be p(w). Suppose 0 = -z*k + 195 + 126. List the prime factors of k.
107
Suppose -6*o - 50 + 62 = 0. Let d = 7 - 9. List the prime factors of ((-9)/3)/(o/d).
3
Suppose -3*k + 3*h + 167763 = 0, -121803 = -2*k + h - 9957. List the prime factors of k.
5, 2237
Suppose 4*l + 26 = -38. Suppose 5*z - 2*i - 420 = 0, -221 = -3*z - i + 20. Let b = z + l. List the prime factors of b.
2, 3, 11
Suppose -2*o + 45227 = -q, -64*q + 67*q = -o + 22638. What are the prime factors of o?
3, 7, 359
Suppose -3*w + 60 = 39, 14213 = q - 2*w. What are the prime factors of q?
41, 347
Let f = -791 - -2057. Let s = f + -1864. List the prime factors of (-2)/(-4) - s/4.
2, 3, 5
Suppose 4484 = -7*b + 9*b - 2*j, -b + 3*j + 2252 = 0. List the prime factors of b.
2237
Let j = 1498 - -644. What are the prime factors of j?
2, 3, 7, 17
Suppose 0 = -5*q + 4*h + 3 - 5, -h + 9 = 3*q. Suppose -5*n + 5*t = -2760, 6*t = -4*n + q*t + 2232. List the prime factors of n.
3, 5, 37
Let n = -26 - 1. Let g be (n/1)/(0 - -1). List the prime factors of 33*(-26)/g - 2/(-9).
2
List the prime factors of 1/(-31) + 68567408/5642.
3, 4051
Suppose 118*a - 83*a + 123*a = 7245564. List the prime factors of a.
2, 3, 7643
Let h(u) = -2*u**3 - 10*u**2 - 5*u - 7. Let x be h(-5). Let y(m) be the first derivative of -m**3/3 + 21*m**2/2 - 14*m + 17. List the prime factors of y(x).
2, 5
Let j be ((-1)/(-2))/(17/187)*2. Suppose -1903 = -j*u + 1870. What are the prime factors of u?
7
Let g(i) = -10*i - 85. Let k be g(-19). Suppose -k = -2*m + 5*w, 218 = 3*m - 4*w + 50. List the prime factors of m.
2, 3, 5
Let r(m) be the first derivative of m**5/60 + m**4/24 - m**3 + 27*m**2/2 + 43. Let t(d) be the second derivative of r(d). List the prime factors of t(4).
2, 7
Let d be -5 - 64/(-6) - (-4)/(-6). Let f be ((-55)/15 + d)/((-4)/(-6)). List the prime factors of 98 + f + 16/(-4).
2, 3
Let r = -37574 + 64006. What are the prime factors of r?
2, 7, 59
Let b(a) = a**3 - 4*a**2 - 10*a - 9. Let w be b(6). Suppose -z + 2 + 1 = -3*h, -h = z - w. Suppose h = 5*m - 166 - 149. List the prime factors of m.
3, 7
Let q be ((-14825)/(-2))/((-11)/(-22)). Suppose 18*y = 43*y - q. List the prime factors of y.
593
Let z(v) = -9*v**3 + 2*v**2 + 13*v - 3. Let